culate the greatest common factor of g and h.
10
Suppose -2*h - 2 - 10 = -v, 2*h = -2. Let d be (-1 - -3) + (-4*v)/(-5). Calculate the greatest common divisor of 30 and d.
10
Let z be (-2223)/(-24) + 9/24. What is the greatest common factor of 31 and z?
31
Let h = -216 + 231. What is the greatest common divisor of h and 120?
15
Suppose -272*l + 274*l = 204. What is the highest common divisor of l and 459?
51
Let p = -5 + 117. Calculate the greatest common divisor of 64 and p.
16
Let a = 108 + -44. Calculate the highest common factor of 80 and a.
16
Suppose 0 = -14*a + 588 - 406. What is the highest common factor of a and 754?
13
Let u be (-63)/(-42)*(-38)/(-3). Calculate the greatest common factor of 95 and u.
19
Let d(t) = -2*t**2 - 11*t + 1. Let q be d(-6). Let s = q - -15. Calculate the highest common factor of 110 and s.
10
Let f(y) = y**3 - 4*y**2 - 5*y + 3. Let q be f(5). What is the greatest common factor of 8 and q?
1
Let s be (2/4)/((-2)/(-196)). Let u(y) = -y - 10. Let g be u(-6). Let z be (-1)/1*(g + 4) - -7. What is the greatest common factor of s and z?
7
Let g = -39 + 22. Let p = 47 + g. Suppose 5*b = -2*i + 18, -5*i + b = -3*i - p. Calculate the greatest common factor of i and 14.
14
Let z be 27 - 26 - 2*-36. Calculate the highest common divisor of 73 and z.
73
Let r = -876 - -915. Calculate the greatest common divisor of 51 and r.
3
Suppose 0 = -10*q + 11*q. Let o be 196/(-4) - (-1 - q). Let d be ((-90)/27)/(2/o). What is the greatest common factor of d and 20?
20
Let n = -20 - -22. Let z(g) = -2*g + 6. Let k be z(-5). Suppose -14 = -5*a + k. Calculate the highest common divisor of n and a.
2
Let s = -9 - -10. Let b be s + ((-343)/(-1) - -1). Suppose b = 4*a - 39. Calculate the greatest common divisor of 12 and a.
12
Suppose 203 = 4*k - 0*k - i, 3*i + 209 = 4*k. What is the highest common divisor of k and 350?
50
Suppose 3*d = 103 + 140. Suppose -4*h + d = -255. Suppose 1 + 35 = 3*q. Calculate the greatest common divisor of h and q.
12
Suppose 0 = -63*o + 58*o + 3290. Calculate the highest common factor of 14 and o.
14
Let m be 442/(-104)*24/(1*-3). What is the greatest common factor of m and 2?
2
Let i = -20 - -26. Let j(a) = -a**2 + 8*a + 4. Let k be j(i). Suppose -l - 120 = -3*s, 0 = -5*l - 0*l. Calculate the highest common factor of k and s.
8
Let w = -7526 - -7574. Suppose 3*p - 12 = -0*p. Calculate the greatest common divisor of w and p.
4
Let h be (-2 + 2 - 1)/(6/(-60)). Let p = h + 46. What is the greatest common divisor of 16 and p?
8
Suppose 3*n + 9 = -0. Let w be n + (13 - (0 - 2)). Let z be (12/(-4) - 1)/((-4)/12). What is the greatest common divisor of w and z?
12
Let f = -242 + 272. Calculate the highest common divisor of f and 390.
30
Suppose -225 = 4*w - 361. Calculate the highest common factor of 34 and w.
34
Let r(z) = -z**2 - 2*z + 4. Let w be r(-2). Suppose w*m = 8*m - 1120. Calculate the greatest common divisor of m and 28.
28
Let d(z) = z**2 - 10*z + 7. Let m be d(12). Let v = -7 + m. Suppose -h = -3*h + v. What is the greatest common divisor of h and 132?
12
Suppose u + 4 - 2 = x, -3*x + 6 = 0. Suppose u = -2*p - 0*p + 80. Calculate the highest common factor of 10 and p.
10
Let d be 2/(-4) + (-66)/(-4). Suppose -5*q = -v - d, 0 = -2*v + 3*v + 3*q - 16. Suppose 0 = 2*z - 4*z + 88. Calculate the greatest common divisor of v and z.
4
Let r = 94 + -87. What is the highest common divisor of 28 and r?
7
Suppose 0 = 3*f - 4*f + 2. Suppose g - 4*g = -2*r - 21, -f*r + 2*g = 16. Let m be ((-54)/15)/(r/80). What is the highest common factor of 12 and m?
12
Suppose -331 = -i - 5*m, -9*i - 1681 = -14*i + m. Calculate the greatest common factor of 48 and i.
48
Let r = -127 - -175. What is the highest common divisor of r and 16?
16
Let p = -101 + 308. Calculate the greatest common divisor of 9 and p.
9
Let f(x) = 635*x + 216. Let s be f(4). Calculate the greatest common factor of 52 and s.
52
Let b be 4/10*(-9 - 1). Let g(q) = -q**3 - 2*q**2 + 4*q - 5. Let f be g(b). Let p = 245 - 146. What is the highest common divisor of p and f?
11
Suppose 4*v - 3*p - 12 = -p, 0 = -2*p + 8. Let o(x) = x**2 + 6*x + 5. Let b be o(v). Suppose 3*w = w + 12. Calculate the greatest common divisor of b and w.
6
Let m(u) = 3*u**2 + 10*u + 20. Let l be m(-8). Let c = -131 + l. Calculate the greatest common factor of c and 19.
1
Suppose 262*y - 264*y + 114 = 0. Calculate the greatest common factor of 6 and y.
3
Suppose 135 = -412*p + 415*p. What is the highest common factor of p and 405?
45
Suppose 5*z - 14 = -3*m, -3*m - 3*z + 10 = -2. Suppose -2 = -s + m, 51 = 3*b - 3*s. What is the greatest common divisor of b and 2?
2
Let v = -745 - -763. What is the highest common divisor of v and 6?
6
Let x = 53 + -17. Suppose -x = -4*c + c. Let r = -18 - -42. What is the greatest common factor of c and r?
12
Let c = -51 + 41. Let m = 16 + c. Calculate the greatest common divisor of 9 and m.
3
Suppose 5*m + 4*v - 22 = 0, 0 = -m + 2*v + 73 - 63. Let i(w) = -5*w + 1. Let g be i(-1). What is the highest common factor of g and m?
6
Suppose -23*i - 825 = -28*i. What is the greatest common divisor of 22 and i?
11
Suppose 1383 = 45*v - 1317. What is the highest common divisor of v and 36?
12
Let i be (-7)/(-2)*33/(3234/112). Suppose 4*g + 3*b - 307 = 2*b, -b = -2*g + 149. Calculate the greatest common divisor of i and g.
4
Suppose 12*y - 5*d - 30 = 8*y, -3*d - 6 = 0. Let j(k) = -5 - 3*k + 1 + 4*k. Let x be j(y). Calculate the highest common factor of 2 and x.
1
Let t be (-50)/(-8) + (-5)/20. Suppose 2*f = -t + 54. What is the highest common divisor of 8 and f?
8
Let r = 28 - 18. Suppose -2*c - r = -3*c. What is the highest common factor of c and 170?
10
Let t(w) = 13*w - 14. Let d be t(-7). Let m = -42 - d. What is the highest common factor of 9 and m?
9
Let r(a) = 2*a**2 - a - 2. Let l be r(3). Let b be (-5 - -1) + 3 + l. Suppose z - 67 = -b. Calculate the greatest common factor of z and 5.
5
Suppose 2*v - 2*y - 18 = 0, -2*y = 7*v - 3*v - 6. Suppose 11 = 3*p + 4*g - v, -4*g - 12 = 0. Calculate the highest common factor of 72 and p.
9
Suppose 155 = 2*l - 69. Suppose 3*h = 28 - 13. Suppose -3*o + 5*g + 6 = -2*o, h*g = -4*o + 74. What is the greatest common factor of l and o?
16
Let x be (-27)/(-18)*4/(-3). Let z be (-750)/(-4)*x/(-3). Suppose -y = -w - 0*w + z, 2*w - 245 = y. What is the greatest common factor of w and 15?
15
Let d(u) = 2*u - 1. Let p be d(2). Suppose -a + 14 = -p. Let z(r) = -r**3 + 2*r**2 + 1. Let l be z(-2). Calculate the greatest common divisor of a and l.
17
Let b = 504 - 444. Calculate the highest common factor of 40 and b.
20
Let g = -819 - -1226. Calculate the highest common divisor of g and 74.
37
Suppose -18*d - 126 = -39*d. Let p be ((-40)/16)/((-1)/4). What is the greatest common factor of d and p?
2
Let i = 145 + -140. Suppose 0 = -2*z - 2*g + 42, 6*z - 5*z - i*g = 15. Calculate the highest common divisor of 4 and z.
4
Let n be 8/(-28) + (-138)/(-42). Suppose 5*i + 3*f = 80, 0 = -i - 4*f + n*f + 16. Calculate the greatest common divisor of i and 4.
4
Let p = 38 - 30. Let q be (-1)/(-4) - (-446)/p. Let i(k) = -9*k**3 - k**2. Let t be i(-1). What is the greatest common divisor of t and q?
8
Suppose -17 - 11 = -4*n. Suppose -n*q + 95 + 31 = 0. Suppose 5*z - 32 = -3*h, 1 = -h - 3*z + 13. Calculate the highest common factor of h and q.
9
Suppose 0 = 4*y - 6*a + 2*a - 32, -3*a = 4*y - 39. Let t = 112 + -106. What is the greatest common factor of t and y?
3
Let s = -75 - -41. Let c = s - -134. Calculate the highest common divisor of c and 20.
20
Suppose -27 - 73 = -q - 5*j, 0 = -5*q + 4*j + 529. What is the greatest common divisor of 840 and q?
105
Let u = 385 - 273. Calculate the greatest common factor of 48 and u.
16
Let r(k) = -k**3 + 7*k**2 - 7*k + 2. Let b be r(5). Suppose 0 = 6*w - 4*w + 72. Let n = -19 - w. Calculate the greatest common divisor of b and n.
17
Let h be 6/21 - (1 - (-2245)/(-7)). Let b = 43 - 11. Calculate the highest common divisor of h and b.
32
Let r(g) be the second derivative of g**5/10 - g**4 - g**3/6 - 7*g**2/2 - 22*g. Let b be r(7). Let d = 19 + -7. What is the highest common divisor of d and b?
12
Suppose -5*l + 3*l = -12. What is the highest common divisor of 48 and l?
6
Let r(j) = -j + 4. Let h be r(0)